{"id":2542,"date":"2017-12-08T07:28:43","date_gmt":"2017-12-08T06:28:43","guid":{"rendered":"https:\/\/dev.carrier-geometre.com\/?page_id=2542"},"modified":"2022-10-17T09:33:27","modified_gmt":"2022-10-17T07:33:27","slug":"demande-devis-carrier-geometres-experts","status":"publish","type":"page","link":"https:\/\/dev.carrier-geometre.com\/index.php\/demande-devis-carrier-geometres-experts\/","title":{"rendered":"Demande de devis"},"content":{"rendered":"<div class=\"wpb-content-wrapper\"><p>[vc_row content_placement=&#8221;top&#8221;][vc_column offset=&#8221;vc_col-lg-8 vc_col-md-8 vc_col-xs-12&#8243;][vc_column_text]Merci de remplir le formulaire ci-dessous pour nous permettre de r\u00e9pondre au mieux \u00e0 votre demande.<\/p>\n<p><span style=\"color: #999999;\"><em><span style=\"font-size: 10pt;\">Les champs marqu\u00e9s d&#8217;un * sont obligatoires.<\/span><\/em><\/span>[\/vc_column_text][vc_column_text]\n<div class=\"wpcf7 no-js\" id=\"wpcf7-f2541-o1\" lang=\"fr-FR\" dir=\"ltr\" data-wpcf7-id=\"2541\">\n<div class=\"screen-reader-response\"><p role=\"status\" aria-live=\"polite\" aria-atomic=\"true\"><\/p> <ul><\/ul><\/div>\n<form action=\"\/index.php\/wp-json\/wp\/v2\/pages\/2542#wpcf7-f2541-o1\" method=\"post\" class=\"wpcf7-form init\" aria-label=\"Formulaire de contact\" enctype=\"multipart\/form-data\" novalidate=\"novalidate\" data-status=\"init\">\n<fieldset class=\"hidden-fields-container\"><input type=\"hidden\" name=\"_wpcf7\" value=\"2541\" \/><input type=\"hidden\" name=\"_wpcf7_version\" value=\"6.1.5\" \/><input type=\"hidden\" name=\"_wpcf7_locale\" value=\"fr_FR\" \/><input type=\"hidden\" name=\"_wpcf7_unit_tag\" value=\"wpcf7-f2541-o1\" \/><input type=\"hidden\" name=\"_wpcf7_container_post\" value=\"0\" \/><input type=\"hidden\" name=\"_wpcf7_posted_data_hash\" value=\"\" \/><input type=\"hidden\" name=\"_wpcf7_recaptcha_response\" value=\"\" \/>\n<\/fieldset>\n<h3>1 \u2014 VOTRE PROJET :<\/h3>\n\n<label> Vous \u00eates ou repr\u00e9sentez... ? * <\/label>\n    <span class=\"wpcf7-form-control-wrap\" data-name=\"menu-468\"><select class=\"wpcf7-form-control wpcf7-select\" aria-invalid=\"false\" name=\"menu-468\"><option value=\"\">&#8212;Veuillez choisir une option&#8212;<\/option><option value=\"Une Collectivit\u00e9\">Une Collectivit\u00e9<\/option><option value=\"Un Professionnel\">Un Professionnel<\/option><option value=\"Un Particulier\">Un Particulier<\/option><\/select><\/span>\n\n<label> Pr\u00e9sentation de votre projet : * <\/label>\n    <span class=\"wpcf7-form-control-wrap\" data-name=\"projet\"><textarea cols=\"40\" rows=\"10\" maxlength=\"2000\" class=\"wpcf7-form-control wpcf7-textarea wpcf7-validates-as-required\" aria-required=\"true\" aria-invalid=\"false\" placeholder=\"Pr\u00e9sentez-nous votre projet en quelques mots (sa localisation, votre besoin, vos attentes)\" name=\"projet\"><\/textarea><\/span>\n\n<label> Ajoutez une pi\u00e8ce jointe : <\/label>\n    <i style=\"font-size:80%;color:grey;\" >(Taille maximale : 2MB \u2022 Formats accept\u00e9s : JPEG \/ PNG \/ PDF \/ TXT)<\/i>\n    <span class=\"wpcf7-form-control-wrap\" data-name=\"attachement\"><input size=\"40\" class=\"wpcf7-form-control wpcf7-file\" accept=\".jpg,.jepg,.png,.pdf,.txt\" aria-invalid=\"false\" type=\"file\" name=\"attachement\" \/><\/span>\n\n<Br>\n\n<h3>2 \u2014 VOS COORDONN\u00c9ES :<\/h3>\n\n<label> Votre Nom : * <\/label>\n    <span class=\"wpcf7-form-control-wrap\" data-name=\"Nom\"><input size=\"40\" maxlength=\"400\" class=\"wpcf7-form-control wpcf7-text wpcf7-validates-as-required\" aria-required=\"true\" aria-invalid=\"false\" placeholder=\"Nom &amp; Pr\u00e9nom\" value=\"\" type=\"text\" name=\"Nom\" \/><\/span>\n\n<label> Votre N\u00b0 de T\u00e9l\u00e9phone : * <\/label>\n    <span class=\"wpcf7-form-control-wrap\" data-name=\"tel-644\"><input size=\"40\" maxlength=\"400\" class=\"wpcf7-form-control wpcf7-tel wpcf7-validates-as-required wpcf7-text wpcf7-validates-as-tel\" aria-required=\"true\" aria-invalid=\"false\" value=\"\" type=\"tel\" name=\"tel-644\" \/><\/span>\n\n<label> Votre adresse de messagerie : * <\/label>\n    <span class=\"wpcf7-form-control-wrap\" data-name=\"your-email\"><input size=\"40\" maxlength=\"400\" class=\"wpcf7-form-control wpcf7-email wpcf7-validates-as-required wpcf7-text wpcf7-validates-as-email\" aria-required=\"true\" aria-invalid=\"false\" value=\"\" type=\"email\" name=\"your-email\" \/><\/span> \n\n<label> Votre adresse postale : * <\/label>\n    <span class=\"wpcf7-form-control-wrap\" data-name=\"text-76\"><input size=\"40\" maxlength=\"400\" class=\"wpcf7-form-control wpcf7-text wpcf7-validates-as-required\" aria-required=\"true\" aria-invalid=\"false\" value=\"\" type=\"text\" name=\"text-76\" \/><\/span>\n\n\n<Br>\n<button type=\"submit\" class=\"button size-lg icon_right\">Envoyer <i class=\"fa fa-chevron-right\"><\/i><\/button><div class=\"wpcf7-response-output\" aria-hidden=\"true\"><\/div>\n<\/form>\n<\/div>\n[\/vc_column_text][\/vc_column][vc_column width=&#8221;1\/3&#8243; offset=&#8221;vc_hidden-sm vc_hidden-xs&#8221; css=&#8221;.vc_custom_1512722897767{margin-top: -30px !important;}&#8221;][stm_sidebar sidebar=&#8221;1803&#8243;][\/vc_column][\/vc_row][vc_row][vc_column][vc_empty_space][\/vc_column][\/vc_row][vc_row full_width=&#8221;stretch_row_content&#8221; content_placement=&#8221;middle&#8221; css=&#8221;.vc_custom_1512726618189{margin-bottom: -60px !important;background-color: #c9d200 !important;}&#8221;][vc_column][vc_cta h2=&#8221;&#8221; shape=&#8221;square&#8221; style=&#8221;flat&#8221; color=&#8221;white&#8221; add_button=&#8221;right&#8221; btn_title=&#8221;Nos bureaux en Haute Savoie&#8221; btn_color=&#8221;white&#8221; btn_i_align=&#8221;right&#8221; btn_i_icon_fontawesome=&#8221;fa fa-chevron-right&#8221; particles=&#8221;yes&#8221; btn_add_icon=&#8221;true&#8221; css=&#8221;.vc_custom_1512726453720{margin-right: 20px !important;margin-left: 20px !important;padding-top: 10px !important;padding-bottom: 10px !important;background-color: #c9d200 !important;}&#8221; btn_link=&#8221;url:https%3A%2F%2Fdev.carrier-geometre.com%2Findex.php%2Fcontact%2F%23agences|||&#8221;]<\/p>\n<h5><span style=\"font-size: 14pt;\"><span style=\"color: #333333;\"><strong>Une question ? Besoin de plus d&#8217;information ?<\/strong>\u00a0<\/span><span style=\"color: #ffffff;\"><strong>Contactez notre bureau le plus proche et nous vous apporterons les r\u00e9ponses dont vous avez besoin.<\/strong><\/span><\/span><\/h5>\n<p>[\/vc_cta][\/vc_column][\/vc_row]<\/p>\n<\/div>","protected":false},"excerpt":{"rendered":"<p>[vc_row content_placement=&#8221;top&#8221;][vc_column offset=&#8221;vc_col-lg-8 vc_col-md-8 vc_col-xs-12&#8243;][vc_column_text]Merci de remplir le formulaire ci-dessous pour nous permettre de r\u00e9pondre au mieux \u00e0 votre demande. Les champs marqu\u00e9s d&#8217;un * sont obligatoires.[\/vc_column_text][vc_column_text][\/vc_column_text][\/vc_column][vc_column width=&#8221;1\/3&#8243; offset=&#8221;vc_hidden-sm vc_hidden-xs&#8221; css=&#8221;.vc_custom_1512722897767{margin-top: -30px !important;}&#8221;][stm_sidebar sidebar=&#8221;1803&#8243;][\/vc_column][\/vc_row][vc_row][vc_column][vc_empty_space][\/vc_column][\/vc_row][vc_row full_width=&#8221;stretch_row_content&#8221; content_placement=&#8221;middle&#8221; css=&#8221;.vc_custom_1512726618189{margin-bottom: -60px !important;background-color: #c9d200 !important;}&#8221;][vc_column][vc_cta h2=&#8221;&#8221; shape=&#8221;square&#8221; style=&#8221;flat&#8221; color=&#8221;white&#8221; add_button=&#8221;right&#8221; btn_title=&#8221;Nos bureaux en Haute Savoie&#8221; btn_color=&#8221;white&#8221; btn_i_align=&#8221;right&#8221; btn_i_icon_fontawesome=&#8221;fa fa-chevron-right&#8221;<\/p>\n","protected":false},"author":1,"featured_media":0,"parent":0,"menu_order":0,"comment_status":"closed","ping_status":"closed","template":"","meta":{"_exactmetrics_skip_tracking":false,"_exactmetrics_sitenote_active":false,"_exactmetrics_sitenote_note":"","_exactmetrics_sitenote_category":0,"jetpack_post_was_ever_published":false,"footnotes":""},"class_list":["post-2542","page","type-page","status-publish","hentry"],"jetpack_shortlink":"https:\/\/wp.me\/Ph6OuN-F0","jetpack_sharing_enabled":true,"jetpack_likes_enabled":true,"_links":{"self":[{"href":"https:\/\/dev.carrier-geometre.com\/index.php\/wp-json\/wp\/v2\/pages\/2542","targetHints":{"allow":["GET"]}}],"collection":[{"href":"https:\/\/dev.carrier-geometre.com\/index.php\/wp-json\/wp\/v2\/pages"}],"about":[{"href":"https:\/\/dev.carrier-geometre.com\/index.php\/wp-json\/wp\/v2\/types\/page"}],"author":[{"embeddable":true,"href":"https:\/\/dev.carrier-geometre.com\/index.php\/wp-json\/wp\/v2\/users\/1"}],"replies":[{"embeddable":true,"href":"https:\/\/dev.carrier-geometre.com\/index.php\/wp-json\/wp\/v2\/comments?post=2542"}],"version-history":[{"count":18,"href":"https:\/\/dev.carrier-geometre.com\/index.php\/wp-json\/wp\/v2\/pages\/2542\/revisions"}],"predecessor-version":[{"id":2675,"href":"https:\/\/dev.carrier-geometre.com\/index.php\/wp-json\/wp\/v2\/pages\/2542\/revisions\/2675"}],"wp:attachment":[{"href":"https:\/\/dev.carrier-geometre.com\/index.php\/wp-json\/wp\/v2\/media?parent=2542"}],"curies":[{"name":"wp","href":"https:\/\/api.w.org\/{rel}","templated":true}]}}